nvert 1011 (base 4) to base 15.
49
What is -9 (base 10) in base 7?
-12
What is -10 (base 15) in base 10?
-15
Convert -5 (base 16) to base 11.
-5
Convert 0 (base 9) to base 3.
0
f (base 16) to base 13
12
What is -112 (base 3) in base 4?
-32
1c (base 14) to base 4
122
-4 (base 15) to base 13
-4
-5 (base 6) to base 11
-5
What is -23 (base 11) in base 3?
-221
What is -151 (base 7) in base 8?
-125
Convert -7 (base 9) to base 12.
-7
What is 100 (base 2) in base 16?
4
Convert -14 (base 8) to base 10.
-12
What is b (base 12) in base 6?
15
Convert 61 (base 10) to base 2.
111101
What is -5 (base 6) in base 12?
-5
5 (base 10) to base 13
5
What is -161 (base 7) in base 2?
-1011100
Convert -2e (base 16) to base 14.
-34
Convert 0 (base 10) to base 7.
0
-5 (base 9) to base 13
-5
Convert 0 (base 4) to base 3.
0
Convert -228 (base 10) to base 2.
-11100100
Convert 101 (base 2) to base 14.
5
-4 (base 6) to base 5
-4
Convert -1 (base 14) to base 15.
-1
What is 44 (base 6) in base 16?
1c
Convert 165 (base 8) to base 14.
85
Convert -71 (base 10) to base 16.
-47
-d (base 16) to base 4
-31
Convert -3 (base 6) to base 2.
-11
What is -17b (base 13) in base 15?
-131
What is -1 (base 12) in base 2?
-1
What is 21 (base 8) in base 15?
12
What is -61 (base 9) in base 7?
-106
What is 21 (base 11) in base 9?
25
Convert -151 (base 7) to base 4.
-1111
Convert -111 (base 2) to base 4.
-13
-12 (base 13) to base 10
-15
2 (base 7) to base 11
2
Convert 120 (base 5) to base 8.
43
Convert -11 (base 4) to base 5.
-10
65 (base 13) to base 9
102
-415 (base 7) to base 5
-1313
What is -5 (base 15) in base 13?
-5
What is -2 (base 7) in base 4?
-2
-2 (base 9) to base 7
-2
-2b (base 12) to base 15
-25
Convert 14 (base 9) to base 15.
d
Convert -81 (base 11) to base 10.
-89
What is -76 (base 14) in base 2?
-1101000
-100120 (base 3) to base 16
-102
Convert 3 (base 5) to base 4.
3
Convert 256 (base 9) to base 6.
553
Convert -36 (base 11) to base 3.
-1110
224 (base 10) to base 13
143
What is -110 (base 2) in base 15?
-6
Convert -1 (base 6) to base 15.
-1
Convert -1011 (base 2) to base 10.
-11
Convert 0 (base 6) to base 4.
0
What is 10 (base 4) in base 13?
4
-4 (base 14) to base 15
-4
Convert -93 (base 16) to base 11.
-124
Convert -10101 (base 3) to base 14.
-67
610 (base 8) to base 4
12020
88 (base 10) to base 5
323
-2 (base 10) to base 6
-2
What is a8 (base 16) in base 3?
20020
Convert -10 (base 11) to base 10.
-11
What is -17 (base 11) in base 4?
-102
Convert -12 (base 8) to base 4.
-22
Convert -2 (base 4) to base 3.
-2
What is 127 (base 8) in base 6?
223
0 (base 4) to base 10
0
What is -10000110 (base 2) in base 4?
-2012
3a (base 16) to base 7
112
Convert 3 (base 4) to base 14.
3
Convert -1 (base 6) to base 11.
-1
What is 101 (base 3) in base 6?
14
What is 11 (base 9) in base 4?
22
Convert -11 (base 3) to base 4.
-10
Convert 313 (base 5) to base 4.
1103
What is 414 (base 5) in base 10?
109
What is 13 (base 6) in base 11?
9
Convert 11 (base 6) to base 10.
7
What is 3 (base 11) in base 14?
3
What is -25 (base 14) in base 15?
-23
2 (base 12) to base 8
2
17a (base 12) to base 11
1a7
Convert 12 (base 3) to base 16.
5
Convert 4 (base 15) to base 4.
10
Convert -320 (base 4) to base 15.
-3b
Convert -12 (base 5) to base 12.
-7
Convert -13 (base 16) to base 2.
-10011
25 (base 11) to base 3
1000
100120 (base 3) to base 11
215
What is -41 (base 9) in base 15?
-27
Convert -e (base 16) to base 5.
-24
Convert -30 (base 16) to base 9.
-53
-1 (base 3) to base 13
-1
-1111 (base 2) to base 6
-23
-3 (base 14) to base 15
-3
What is 41 (base 7) in base 6?
45
1 (base 4) to base 7
1
What is 2 (base 7) in base 16?
2
11 (base 6) to base 4
13
Convert -1223 (base 5) to base 15.
-c8
What is 13 (base 8) in base 12?
b
-1e (base 16) to base 7
-42
-24 (base 8) to base 9
-22
-342 (base 5) to base 10
-97
Convert -1 (base 7) to base 10.
-1
What is -533 (base 7) in base 12?
-1a5
Convert 179 (base 11) to base 7.
414
What is 236 (base 9) in base 7?
366
1 (base 14) to base 3
1
133 (base 4) to base 3
1011
20 (base 16) to base 11
2a
Convert 2332 (base 5) to base 4.
11112
What is 33 (base 11) in base 16?
24
What is -3 (base 4) in base 11?
-3
-102 (base 3) to base 4
-23
-2 (base 11) to base 2
-10
What is -501 (base 6) in base 13?
-10c
What is 26 (base 9) in base 3?
220
93 (base 11) to base 8
146
Convert 15b (base 13) to base 10.
245
What is -73 (base 11) in base 7?
-143
-4 (base 7) to base 4
-10
Convert 9 (base 14) to base 12.
9
What is -208 (base 11) in base 2?
-11111010
Convert -1 (base 13) to base 6.
-1
14 (base 5) to base 12
9
Convert -2 (base 8) to base 4.
-2
-112 (base 7) to base 13
-46
6 (base 8) to base 15
6
Convert 17 (base 13) to base 14.
16
Convert -11b (base 14) to base 12.
-165
Convert 23b (base 13) to base 4.
12010
What is -4 (base 5) in base 8?
-4
Convert 2121 (base 3) to base 8.
106
Convert -1 (base 11) to base 6.
-1
-101002 (base 3) to base 10
-272
What is -14 (base 5) in base 9?
-10
2 (base 4) to base 15
2
Convert 0 (base 13) to base 12.
0
2 (base 13) to base 15
2
4 (base 13) to base 15
4
What is 17 (base 10) in base 4?
101
-41 (base 9) to base 11
-34
2 (base 16) to base 7
2
4 (base 13) to base 4
10
What is 12 (base 16) in base 6?
30
-3 (base 7) to base 9
-3
What is 22 (base 8) in base 16?
12
What is -14 (base 11) in base 15?
-10
Convert 1000 (base 2) to base 9.
8
What is -4 (base 10) in base 12?
-4
-95 (base 14) to base 7
-245
26 (base 16) to base 13
2c
Convert 21120 (base 3) to base 2.
11001100
What is -130 (base 5) in base 8?
-50
What is 352 (base 6) in base 10?
140
What is 9 (base 16) in base 11?
9
Convert -d4 (base 14) to base 2.
-10111010
Convert -3 (base 16) to base 5.
-3
Convert 48 (base 12) to base 3.
2002
What is 1 (base 11) in base 15?
1
Convert -2 (base 13) to base 14.
-2
What is -1 (base 8) in base 5?
-1
What is 1401 (base 5) in base 7?
442
Convert -101 (base 2) to base 8.
-5
-36 (base 7) to base 5
-102
Convert -102 (base 15) to base 4.
-3203
10 (base 5) to base 9
5
41 (base 11) to base 4
231
What is -85 (base 12) in base 2?
-1100101
Convert 77 (base 16) to base 4.
1313
Convert 12 (base 10) to base 9.
13
Convert -22 (base 6) to base 14.
-10
-257 (base 9) to base 2
-11010110
-41 (base 10) to base 8
-51
What is 7 (base 8) in base 16?
7
-63 (base 11) to base 6
-153
-22 (base 13) to base 16
-1c
-5 (base 14) to base 15
-5
3a (base 12) to base 3
1201
What is -21 (base 16) in base 2?
-100001
What is 17 (base 15) in base 9?
24
What is -23 (base 6) in base 10?
-15
What is 239 (base 13) in base 12?
282
12 (base 3) to base 13
5
Convert 1 (base 16) to base 14.
1
63 (base 11) to base 8
105
-27 (base 10) to base 6
-43
What is 11 (base 5) in base 14?
6
What is 10 (base 8) in base 12?
8
Convert -4 (base 14) to base 9.
-4
1 (base 4) to base 12
1
What is -5 (base 16) in base 11?
-5
What is 7 (base 9) in base 3?
21
Convert 20 (base 4) to base 7.
11
What is 11 (base 7) in base 16?
8
222 (base 6) to base 7
152
What is a (base 12) in base 14?
a
What is 9 (base 15) in base 5?
14
What is -101 (base 2) in base 7?
-5
Convert 2 (base 4) to base 13.
2
What is -131 (base 4) in base 5?
-104
What is -122 (base 4) in base 13?
-20
Convert 7 (base 12) to base 6.
11
-e (base 15) to base 6
-22
-1 (base 3) to base 5
-1
-45 (base 11) to base 7
-100
13 (base 4) to base 13
7
Convert -1 (base 5) to base 12.
-1
Convert 4 (base 8) to base 6.
4
70 (base 10) to base 16
46
What is 21 (base 8) in base 2?
10001
Convert b (base 13) to base 2.
1011
39 (base 12) to base 2
101101
What is 2 (base 13) in base 5?
2
Convert 1 (base 10) to base 2.
1
Convert -110 (base 14) to base 9.
-253
Convert 6 (base 10) to base 8.
6
What is 0 (base 14) in base 15?
0
Convert -32 (base 7) to base 12.
-1b
Convert 6 (base 9) to base 8.
6
Convert 1001100 (base 2) to base 11.
6a
What is -1131 (base 4) in base 9?
-113
197 (base 10) to base 8
305
Convert -11 (base 6) to base 13.
-7
-29 (base 12) to base 4
-201
What is 37 (base 14) in base 4?
301
Convert -7 (base 11) to base 10.
-7
What is -93 (base 11) in base 14?
-74
What is -3 (base 13) in base 11?
-3
Convert -11 (base 4) to base 3.
-12
Convert 9 (base 15) to base 10.
9
-10 (base 9) to base 14
-9
What is -43 (base 5) in base 14?
-19
What is -2 (base 14) in base 6?
-2
4 (base 5) to base 12
4
What is -6 (base 16) in base 14?
-6
